
2, 3, 5
Suppose -20 = -3*h - 5. Suppose -73 = -4*b + g, 0 = -4*b - h*g + 7 + 60. What are the prime factors of 2/(-3)*(-1161)/b?
43
Let l be (88/16)/(1/(-2)). Let g = 16 + l. Suppose 3*v = 5*o + 10 + g, -2*o = -5*v + 44. List the prime factors of v.
2, 5
Let d(f) = 26*f + 41. Let a be ((-22)/(-4)*2)/1. List the prime factors of d(a).
3, 109
Let p = 26 + -26. Suppose p = 3*j + s - 7 - 4, -4*s = 5*j - 23. Suppose 0 = d + 2*z - 40, 5*d + z + j*z = 218. List the prime factors of d.
2, 23
Let x(o) = -o**2 + 9*o + 14. Let z be x(10). Suppose z*b - 550 = -6*b. What are the prime factors of b?
5, 11
Let a(v) = v**3 + 10*v**2 - 12*v - 6. Let r be a(-11). Suppose 7*u - r*u = 152. What are the prime factors of u?
2, 19
Let p be -3 + ((-8)/(-2) - -1). Let q(o) = -2*o + 10. Let s be q(6). List the prime factors of p/(s - 0)*-26.
2, 13
Suppose x = -4*b + 3*b + 225, 5*b + 1075 = 5*x. Suppose 7*s = 2*s + x. What are the prime factors of s?
2, 11
Suppose 39*l + 22455 - 75339 = 0. List the prime factors of l.
2, 3, 113
List the prime factors of (168/20)/7*150.
2, 3, 5
Let r(d) = -d**3 + 12*d**2 - 10*d - 4. Let l be r(11). Suppose l*i = -6*i + 585. What are the prime factors of i?
3, 5
Let t(p) = 38*p + 4*p**2 - 34*p + p**2. What are the prime factors of t(4)?
2, 3
Let p = 71 + -58. Suppose -16*n + 222 = -p*n. What are the prime factors of n?
2, 37
Let y = 2309 - -2397. List the prime factors of y.
2, 13, 181
Suppose 9*w = 8*w, 5*h - 6080 = 5*w. List the prime factors of h.
2, 19
Suppose 6*l = l. Suppose -7 = v - l. Let t = 15 + v. List the prime factors of t.
2
Let q(m) = -2*m - 3. Let v(b) = -b**2 + 8*b + 15. Let i be v(10). Let a be q(i). List the prime factors of 46/4*28/a.
2, 23
Suppose -2671 = -4*h - 931. Suppose 0 = -3*w - u + 261, u + h = -0*w + 5*w. List the prime factors of w.
3, 29
Let c = 19 + -11. Suppose -c*m - 163 = -1563. What are the prime factors of m?
5, 7
Suppose -b = 2*d - 275, 2*b - 3*d + 140 = 711. Let y = -135 + b. List the prime factors of y.
2, 73
What are the prime factors of (-16)/6*(-8697)/52?
2, 223
Suppose 3*d + 0*d = -3*n - 36, -d + 4*n = 2. List the prime factors of (-418)/(-5) + 6/d.
83
Suppose 3*k = -3*y + 27, 0 = 4*k - 8*k + 2*y + 12. Suppose 6*z = 5*z + k. Suppose z*n - 83 - 202 = 0. List the prime factors of n.
3, 19
Suppose 0 = -3*q - 11 - 1. Let y be (1/q)/(6/(-96)). Suppose 0 = -2*x + 2*d + 74, 0*x = y*x - 3*d - 150. What are the prime factors of x?
3, 13
Let s = 940 + -258. List the prime factors of s.
2, 11, 31
Let k(b) = -b**2 - 16*b + 27. List the prime factors of k(-15).
2, 3, 7
Suppose 3*c - 2 = 22. Let f = -21 + -19. List the prime factors of c/f - 191/(-5).
2, 19
Suppose -2*q + 0*q + 10 = -3*i, -2*i + 2*q = 6. Let u = -10 - i. List the prime factors of 110/4 + (-3)/u.
2, 7
Suppose -26*s + 13*s + 156 = 0. What are the prime factors of s?
2, 3
List the prime factors of (2/10 + 1)*(-2410)/(-4).
3, 241
Suppose 0 = a - 3, -4*a - 301 + 3971 = 2*s. List the prime factors of s.
31, 59
Let p(b) = -b - 1. Let a be p(-3). Let i = -91 - -311. Suppose -n + 3 = 0, -3*l + 5*n = a*l - i. List the prime factors of l.
47
Let s = 378 - -52. What are the prime factors of s?
2, 5, 43
Let r = 656 - 446. What are the prime factors of r?
2, 3, 5, 7
Let v(c) = 2*c**2 + 5*c. Let u be v(-3). Let s be (1/u - 2)*-3. List the prime factors of (-195)/6*(-4)/s.
2, 13
Let m = 22 - 22. Let p be m - (12/3 + -21). Let y(u) = -u**2 + 21*u - 10. List the prime factors of y(p).
2, 29
Let y(x) = 12*x - 562. List the prime factors of y(63).
2, 97
Suppose g + 5*u - 230 = 0, 2*u = -3*g + 547 + 91. What are the prime factors of g?
2, 3, 5, 7
Suppose x + 4*h - 270 = -108, -2*x = -h - 360. Let o be 1/(3 + x/(-60)). Suppose o = z + 2. List the prime factors of z.
2, 7
Suppose -5*i = -2*j + 4*j - 10, -2*j + 2*i - 4 = 0. Suppose 20 = 6*v - 2*v - 4*n, -2*n - 2 = j. What are the prime factors of v?
2
Suppose 0 = -2*i - 6*i + 56. Let g(k) = -k + 10 + 6*k - 5. List the prime factors of g(i).
2, 5
Suppose 2*t = -4*z + 74, 3*z = z + 2*t + 46. What are the prime factors of z?
2, 5
What are the prime factors of 1391 + 4*40/(-32)?
2, 3, 7, 11
What are the prime factors of 7 + (8/4 - -87)?
2, 3
Let j be (-1 + 1)/(12/6). Suppose j = m - 5 - 11. What are the prime factors of m/(-72) + 436/18?
2, 3
Suppose -4*a - 8*a = -264. Let j(t) = -t**3 + 20*t**2 + 50*t + 43. List the prime factors of j(a).
5, 7
Let h(u) = 64*u**2 + 4*u + 4. Suppose 14*r = 10*r + 8. What are the prime factors of h(r)?
2, 67
Let j = 4133 - 1835. What are the prime factors of j?
2, 3, 383
Let z(p) = 20*p**2 - 9*p + 41. What are the prime factors of z(6)?
7, 101
Suppose -4*c = -2*c - 222. Let q = -59 + c. List the prime factors of q.
2, 13
Let f = -2168 - -3402. List the prime factors of f.
2, 617
Suppose 0 = -7*k + 3 + 18. What are the prime factors of ((-2)/3)/((-8808)/2934 + k)?
2, 163
Suppose 3*p + 15 = -4*t, 0*t = -3*p + 4*t - 15. Let d(o) = o**2 - o + 6. What are the prime factors of d(p)?
2, 3
Let h = -144 + 63. Let x = 141 + h. Suppose x = 2*b + b. What are the prime factors of b?
2, 5
Suppose 12 = 13*g - 14. Suppose 7*l - 15 = 2*l, 234 = g*p + 4*l. What are the prime factors of p?
3, 37
Let f(y) = y**2 - 3*y - 2. Let q be f(4). Suppose -q*w - 28 = 4*x, 2*w - 3*x + 8 = -2*x. What are the prime factors of 3*(0 + w)*-1?
2, 3
Suppose -2*t + 33 = 5*a - 21, t - 12 = 5*a. Let p(o) = 5*o + 43. What are the prime factors of p(t)?
3, 17
Let n(m) = -8*m**3 - 2*m**2 + 1. Let q be n(-1). Let p = q + -1. Suppose -p*v + 3*v = -51. What are the prime factors of v?
17
Let x(m) = -m**3 + 3*m**2. Let r be x(3). Suppose 85 = -r*s + 2*s - 3*k, -k = -2*s + 75. What are the prime factors of s?
5, 7
List the prime factors of 7953/3 - -5 - (11 + -7).
2, 3, 13, 17
Let c(m) = -2*m - 9. Let z be 1 + (-5)/(15/(-12)). Let h be (3 - 19/z)*10. What are the prime factors of c(h)?
7
Suppose -2*c + 5*t + 29 = 0, c - 16 = 4*t - 0*t. Suppose 4*g = c*g - 336. What are the prime factors of g?
2, 3, 7
Let w(o) = -o**3 + 10*o**2 - 11*o + 5. Let l = -22 - -56. Let n = l - 29. List the prime factors of w(n).
3, 5
Let n(l) = 2*l**2 - 6. Suppose -4*w + 3*g - 101 = 0, 2*w - 6*g = -3*g - 43. Let s = 34 + w. List the prime factors of n(s).
2, 11
Suppose 4*g = -12, 3*i - 2*g - 34 = -10. Let v be 212 + (-9)/i*-2. Suppose 3*b - 3*o - 63 = 48, -v = -5*b - o. List the prime factors of b.
2, 3, 7
Suppose -v = 2*q + 2*q, 5*q - 7 = -3*v. Suppose -n - j + v*j = -73, 247 = 4*n - 3*j. What are the prime factors of n?
2, 29
Let r = -13 - -97. Let b be (-12)/(-2 - 2) + 0. Suppose u + b*u = r. What are the prime factors of u?
3, 7
Suppose 44 + 2735 = 7*a. List the prime factors of a.
397
Let q(l) = -l**2 + l + 54. Let d be q(0). Suppose 4*v - 2*v = 3*b + d, b = -5*v + 118. List the prime factors of v.
2, 3
Let s(v) be the third derivative of 0 - 4/3*v**3 + 0*v + 5*v**2 + 1/3*v**4. What are the prime factors of s(4)?
2, 3
What are the prime factors of ((-4)/5)/(18/(-72990))?
2, 811
Suppose -2*f + 20 = 2*f. Let u(v) be the first derivative of 2*v**3/3 - v**2 - v - 9. What are the prime factors of u(f)?
3, 13
Let o(s) = 11*s**2 - 28*s + 148. List the prime factors of o(16).
2, 17, 37
Let c(u) = 80*u + 26. List the prime factors of c(18).
2, 733
Let l be (-5)/5 + 8 - 4. Suppose 5*c = -2*u - 1 - 0, -l*u + 3*c + 30 = 0. List the prime factors of u.
7
Let c(h) = 10*h + 6. Let f be c(-3). Let q be f/(-15)*(-725)/(-10). Suppose -r + q = 3*r. What are the prime factors of r?
29
Suppose 4*x + v - 507 = -2*v, -2*v = -3*x + 376. Suppose 4*p + 2*m + 156 = -2*m, 2*m = 4*p + x. Let q = p - -37. What are the prime factors of q?
3
Let t(m) = 3*m**3 - 2*m - 6. List the prime factors of t(2).
2, 7
Let x(w) = 3 - w + 0*w + 1 - 6 + 2*w**2. List the prime factors of x(-2).
2
What are the prime factors of 2 + (-2)/(2 - 0) - -440?
3, 7
Let c = 13 - 5. Let i be 6/24 + 14/c. Suppose i*w + 0*w + 2*n = 104, 0 = -3*n - 9. List the prime factors of w.
5, 11
Suppose -6*c + 3*c + 216 = 2*a, 0 = 2*a + 5*c - 216. Suppose -5*p + a = j + 3*j, 108 = 4*j - 4*p. What are the prime factors of j?
3
Let q(o) = -2*o - 12. Let y be q(-6). Suppose -2*x = -2*a - 136, -5*x + a + 76 + 280 = y. Suppose -2*f + x = 20. What are the prime factors of f?
2, 13
Let w be 3/(12/(-166))*(-11 + 9). Let z be -1 